{"id":13,"date":"2025-05-25T09:39:44","date_gmt":"2025-05-25T07:39:44","guid":{"rendered":"https:\/\/cfptnour.com\/index.php\/formations\/cqp-elementaire-base1\/"},"modified":"2025-06-08T13:06:32","modified_gmt":"2025-06-08T11:06:32","slug":"cqp-elementaire-base1","status":"publish","type":"page","link":"https:\/\/cfptnour.com\/index.php\/formations\/cqp-elementaire-base1\/","title":{"rendered":"CQP: ELEMENTAIRE BASE1"},"content":{"rendered":"<p style=\"text-align: justify;\" data-start=\"158\" data-end=\"357\"><span style=\"font-size: 20px; color: #000000;\">La formation <strong data-start=\"171\" data-end=\"199\">CQP &#8211; \u00c9l\u00e9mentaire Base 1<\/strong> s\u2019adresse aux jeunes ayant un niveau faible ou aucun niveau scolaire, souhaitant acqu\u00e9rir des <strong data-start=\"294\" data-end=\"334\">comp\u00e9tences professionnelles de base<\/strong> dans un m\u00e9tier pr\u00e9cis.<\/span><\/p>\n<h3 style=\"text-align: justify;\" data-start=\"359\" data-end=\"390\"><span style=\"font-size: 20px; color: #000000;\">Objectifs de la formation :<\/span><\/h3>\n<ul style=\"text-align: justify;\" data-start=\"391\" data-end=\"660\">\n<li data-start=\"391\" data-end=\"470\">\n<p data-start=\"393\" data-end=\"470\"><span style=\"font-size: 20px; color: #000000;\">Offrir une <strong data-start=\"404\" data-end=\"430\">initiation progressive<\/strong> aux gestes techniques du m\u00e9tier choisi.<\/span><\/p>\n<\/li>\n<li data-start=\"471\" data-end=\"573\">\n<p data-start=\"473\" data-end=\"573\"><span style=\"font-size: 20px; color: #000000;\">Permettre aux apprenants de <strong data-start=\"501\" data-end=\"531\">ma\u00eetriser les fondamentaux<\/strong> n\u00e9cessaires \u00e0 une formation plus avanc\u00e9e.<\/span><\/p>\n<\/li>\n<li data-start=\"574\" data-end=\"660\">\n<p data-start=\"576\" data-end=\"660\"><span style=\"font-size: 20px; color: #000000;\">D\u00e9velopper des <strong data-start=\"591\" data-end=\"659\">aptitudes \u00e0 l\u2019autonomie, \u00e0 la discipline et au travail en \u00e9quipe<\/strong>.<\/span><\/p>\n<\/li>\n<\/ul>\n<p style=\"text-align: justify;\" data-start=\"662\" data-end=\"854\"><span style=\"font-size: 20px; color: #000000;\">Cette formation constitue une <strong data-start=\"692\" data-end=\"738\">porte d\u2019entr\u00e9e vers les niveaux sup\u00e9rieurs<\/strong> (CAP, BEP, etc.) et favorise une premi\u00e8re <strong data-start=\"781\" data-end=\"853\">insertion professionnelle dans l\u2019artisanat ou les m\u00e9tiers de service<\/strong>.<\/span><\/p>\n<blockquote data-start=\"856\" data-end=\"1022\">\n<p style=\"text-align: justify;\" data-start=\"858\" data-end=\"1022\"><span style=\"font-size: 20px; color: #000000;\">\ud83d\udd27 Accessible \u00e0 tous, sans exigence de niveau scolaire pr\u00e9alable.<\/span><br data-start=\"923\" data-end=\"926\" \/><br \/>\n<span style=\"font-size: 20px; color: #000000;\">\ud83d\udd52 Dur\u00e9e : selon le m\u00e9tier choisi.<\/span><br data-start=\"962\" data-end=\"965\" \/><br \/>\n<span style=\"font-size: 20px; color: #000000;\">\ud83d\udccd Lieu : Centre CFPTP Iliminnour \u2013 Koira Kano, Niamey.<\/span><\/p>\n<\/blockquote>\n","protected":false},"excerpt":{"rendered":"<p>La formation CQP &#8211; \u00c9l\u00e9mentaire Base 1 s\u2019adresse aux jeunes ayant un niveau faible ou aucun niveau scolaire, souhaitant acqu\u00e9rir des comp\u00e9tences professionnelles de base&#8230;<\/p>\n","protected":false},"author":1,"featured_media":0,"parent":12,"menu_order":8,"comment_status":"closed","ping_status":"closed","template":"","meta":{"footnotes":""},"class_list":["post-13","page","type-page","status-publish","hentry"],"_links":{"self":[{"href":"https:\/\/cfptnour.com\/index.php\/wp-json\/wp\/v2\/pages\/13","targetHints":{"allow":["GET"]}}],"collection":[{"href":"https:\/\/cfptnour.com\/index.php\/wp-json\/wp\/v2\/pages"}],"about":[{"href":"https:\/\/cfptnour.com\/index.php\/wp-json\/wp\/v2\/types\/page"}],"author":[{"embeddable":true,"href":"https:\/\/cfptnour.com\/index.php\/wp-json\/wp\/v2\/users\/1"}],"replies":[{"embeddable":true,"href":"https:\/\/cfptnour.com\/index.php\/wp-json\/wp\/v2\/comments?post=13"}],"version-history":[{"count":4,"href":"https:\/\/cfptnour.com\/index.php\/wp-json\/wp\/v2\/pages\/13\/revisions"}],"predecessor-version":[{"id":152,"href":"https:\/\/cfptnour.com\/index.php\/wp-json\/wp\/v2\/pages\/13\/revisions\/152"}],"up":[{"embeddable":true,"href":"https:\/\/cfptnour.com\/index.php\/wp-json\/wp\/v2\/pages\/12"}],"wp:attachment":[{"href":"https:\/\/cfptnour.com\/index.php\/wp-json\/wp\/v2\/media?parent=13"}],"curies":[{"name":"wp","href":"https:\/\/api.w.org\/{rel}","templated":true}]}}