{"id":18,"date":"2025-05-25T09:39:44","date_gmt":"2025-05-25T07:39:44","guid":{"rendered":"https:\/\/cfptnour.com\/index.php\/formations\/les-filieres\/couture\/"},"modified":"2025-07-22T15:35:44","modified_gmt":"2025-07-22T13:35:44","slug":"couture","status":"publish","type":"page","link":"https:\/\/cfptnour.com\/index.php\/formations\/les-filieres\/couture\/","title":{"rendered":"COUTURE"},"content":{"rendered":"<h2 style=\"text-align: justify;\" data-start=\"178\" data-end=\"198\">Fili\u00e8re : Couture<\/h2>\n<p style=\"text-align: justify;\" data-start=\"200\" data-end=\"448\">La <strong data-start=\"203\" data-end=\"222\">fili\u00e8re Couture<\/strong> du <strong data-start=\"226\" data-end=\"246\">CFPTP Iliminnour<\/strong> forme des jeunes, principalement des filles et femmes, aux <strong data-start=\"306\" data-end=\"362\">techniques modernes et traditionnelles de la couture<\/strong> afin de leur permettre de devenir autonomes et comp\u00e9titives sur le march\u00e9 du travail.<\/p>\n<p data-start=\"200\" data-end=\"448\"><img loading=\"lazy\" decoding=\"async\" class=\"alignnone size-full wp-image-171\" style=\"text-align: justify;\" src=\"https:\/\/cfptnour.com\/wp-content\/uploads\/2025\/07\/WhatsApp-Image-2025-07-16-a-18.53.23_dbe35106.jpg\" alt=\"\" width=\"1080\" height=\"810\" \/><\/p>\n<h3 style=\"text-align: justify;\" data-start=\"450\" data-end=\"481\">Objectifs de la formation :<\/h3>\n<ul style=\"text-align: justify;\" data-start=\"482\" data-end=\"786\">\n<li data-start=\"482\" data-end=\"543\">\n<p data-start=\"484\" data-end=\"543\">Apprendre les <strong data-start=\"498\" data-end=\"542\">bases du stylisme et de la coupe-couture<\/strong>.<\/p>\n<\/li>\n<li data-start=\"544\" data-end=\"613\">\n<p data-start=\"546\" data-end=\"613\">Ma\u00eetriser la <strong data-start=\"559\" data-end=\"612\">confection de v\u00eatements modernes et traditionnels<\/strong>.<\/p>\n<\/li>\n<li data-start=\"614\" data-end=\"680\">\n<p data-start=\"616\" data-end=\"680\">D\u00e9velopper la <strong data-start=\"630\" data-end=\"679\">cr\u00e9ativit\u00e9, la pr\u00e9cision et le sens du d\u00e9tail<\/strong>.<\/p>\n<\/li>\n<li data-start=\"681\" data-end=\"786\">\n<p data-start=\"683\" data-end=\"786\">Former des couturiers capables de <strong data-start=\"717\" data-end=\"752\">travailler \u00e0 leur propre compte<\/strong> ou dans un atelier professionnel.<\/p>\n<\/li>\n<\/ul>\n<h3 style=\"text-align: justify;\" data-start=\"788\" data-end=\"815\">Contenus de formation :<\/h3>\n<ul style=\"text-align: justify;\" data-start=\"816\" data-end=\"962\">\n<li data-start=\"816\" data-end=\"847\">\n<p data-start=\"818\" data-end=\"847\">Prise de mesures et patronage<\/p>\n<\/li>\n<li data-start=\"848\" data-end=\"878\">\n<p data-start=\"850\" data-end=\"878\">Coupe, assemblage, finitions<\/p>\n<\/li>\n<li data-start=\"879\" data-end=\"914\">\n<p data-start=\"881\" data-end=\"914\">Utilisation des machines \u00e0 coudre<\/p>\n<\/li>\n<li data-start=\"915\" data-end=\"933\">\n<p data-start=\"917\" data-end=\"933\">Stylisme de base<\/p>\n<\/li>\n<li data-start=\"934\" data-end=\"962\">\n<p data-start=\"936\" data-end=\"962\">Gestion d\u2019un petit atelier<\/p>\n<\/li>\n<\/ul>\n<h3 style=\"text-align: justify;\" data-start=\"964\" data-end=\"979\">D\u00e9bouch\u00e9s :<\/h3>\n<ul style=\"text-align: justify;\" data-start=\"980\" data-end=\"1170\">\n<li data-start=\"980\" data-end=\"1014\">\n<p data-start=\"982\" data-end=\"1014\">Cr\u00e9ation d\u2019un atelier de couture<\/p>\n<\/li>\n<li data-start=\"1015\" data-end=\"1072\">\n<p data-start=\"1017\" data-end=\"1072\">Travail dans des maisons de couture ou ateliers de mode<\/p>\n<\/li>\n<li data-start=\"1073\" data-end=\"1123\">\n<p data-start=\"1075\" data-end=\"1123\">Participation \u00e0 des salons ou foires artisanales<\/p>\n<\/li>\n<li data-start=\"1124\" data-end=\"1170\">\n<p data-start=\"1126\" data-end=\"1170\">Poursuite de formation en stylisme\/mod\u00e9lisme<\/p>\n<\/li>\n<\/ul>\n<blockquote data-start=\"1172\" data-end=\"1309\">\n<p style=\"text-align: justify;\" data-start=\"1174\" data-end=\"1309\">\ud83d\udccc Fili\u00e8re accessible en CQP, CAP et BEP<br data-start=\"1214\" data-end=\"1217\" \/><br \/>\n\ud83d\udc69\u200d\ud83c\udfeb Encadrement par des formatrices exp\u00e9riment\u00e9es<br data-start=\"1270\" data-end=\"1273\" \/><br \/>\n\ud83e\uddf5 Ateliers pratiques bien \u00e9quip\u00e9s<\/p>\n<\/blockquote>\n","protected":false},"excerpt":{"rendered":"<p>Fili\u00e8re : Couture La fili\u00e8re Couture du CFPTP Iliminnour forme des jeunes, principalement des filles et femmes, aux techniques modernes et traditionnelles de la couture&#8230;<\/p>\n","protected":false},"author":1,"featured_media":0,"parent":17,"menu_order":13,"comment_status":"closed","ping_status":"closed","template":"","meta":{"footnotes":""},"class_list":["post-18","page","type-page","status-publish","hentry"],"_links":{"self":[{"href":"https:\/\/cfptnour.com\/index.php\/wp-json\/wp\/v2\/pages\/18","targetHints":{"allow":["GET"]}}],"collection":[{"href":"https:\/\/cfptnour.com\/index.php\/wp-json\/wp\/v2\/pages"}],"about":[{"href":"https:\/\/cfptnour.com\/index.php\/wp-json\/wp\/v2\/types\/page"}],"author":[{"embeddable":true,"href":"https:\/\/cfptnour.com\/index.php\/wp-json\/wp\/v2\/users\/1"}],"replies":[{"embeddable":true,"href":"https:\/\/cfptnour.com\/index.php\/wp-json\/wp\/v2\/comments?post=18"}],"version-history":[{"count":2,"href":"https:\/\/cfptnour.com\/index.php\/wp-json\/wp\/v2\/pages\/18\/revisions"}],"predecessor-version":[{"id":172,"href":"https:\/\/cfptnour.com\/index.php\/wp-json\/wp\/v2\/pages\/18\/revisions\/172"}],"up":[{"embeddable":true,"href":"https:\/\/cfptnour.com\/index.php\/wp-json\/wp\/v2\/pages\/17"}],"wp:attachment":[{"href":"https:\/\/cfptnour.com\/index.php\/wp-json\/wp\/v2\/media?parent=18"}],"curies":[{"name":"wp","href":"https:\/\/api.w.org\/{rel}","templated":true}]}}