{"id":9,"date":"2025-05-25T09:39:44","date_gmt":"2025-05-25T07:39:44","guid":{"rendered":"https:\/\/cfptnour.com\/index.php\/a-propos\/nos-valeurs\/"},"modified":"2025-06-08T13:04:26","modified_gmt":"2025-06-08T11:04:26","slug":"nos-valeurs","status":"publish","type":"page","link":"https:\/\/cfptnour.com\/index.php\/a-propos\/nos-valeurs\/","title":{"rendered":"Nos valeurs"},"content":{"rendered":"<p style=\"text-align: justify;\" data-start=\"120\" data-end=\"335\"><span style=\"font-size: 20px; color: #000000;\">Au <strong data-start=\"123\" data-end=\"193\">Centre de Formation Professionnelle et Technique Al Ilmoun Nouroun<\/strong>, nos actions et nos choix p\u00e9dagogiques sont guid\u00e9s par des valeurs fondamentales qui d\u00e9finissent notre identit\u00e9 et soutiennent notre mission.<\/span><\/p>\n<h3 style=\"text-align: justify;\" data-start=\"337\" data-end=\"357\"><span style=\"font-size: 20px; color: #000000;\">\ud83d\udd37 <strong data-start=\"344\" data-end=\"357\">Int\u00e9grit\u00e9<\/strong><\/span><\/h3>\n<p style=\"text-align: justify;\" data-start=\"358\" data-end=\"582\"><span style=\"font-size: 20px; color: #000000;\">Nous formons des jeunes responsables, honn\u00eates et conscients de leur r\u00f4le dans la soci\u00e9t\u00e9. L\u2019int\u00e9grit\u00e9 est au c\u0153ur de notre p\u00e9dagogie, de notre gestion et de nos relations avec les apprenants, les parents et les partenaires.<\/span><\/p>\n<h3 style=\"text-align: justify;\" data-start=\"584\" data-end=\"605\"><span style=\"font-size: 20px; color: #000000;\">\ud83d\udd37 <strong data-start=\"591\" data-end=\"605\">Discipline<\/strong><\/span><\/h3>\n<p style=\"text-align: justify;\" data-start=\"606\" data-end=\"800\"><span style=\"font-size: 20px; color: #000000;\">La rigueur, le respect des r\u00e8gles et l\u2019assiduit\u00e9 sont essentiels \u00e0 la r\u00e9ussite. Nous inculquons une discipline constructive qui pr\u00e9pare nos apprenants \u00e0 relever les d\u00e9fis du monde professionnel.<\/span><\/p>\n<h3 style=\"text-align: justify;\" data-start=\"802\" data-end=\"820\"><span style=\"font-size: 20px; color: #000000;\">\ud83d\udd37 <strong data-start=\"809\" data-end=\"820\">Progr\u00e8s<\/strong><\/span><\/h3>\n<p style=\"text-align: justify;\" data-start=\"821\" data-end=\"1020\"><span style=\"font-size: 20px; color: #000000;\">Nous croyons au potentiel de chaque jeune et \u00e0 sa capacit\u00e9 \u00e0 \u00e9voluer. Par une formation continue et adapt\u00e9e, nous encourageons le d\u00e9veloppement personnel, intellectuel et professionnel de nos \u00e9l\u00e8ves.<\/span><\/p>\n<h3 style=\"text-align: justify;\" data-start=\"1022\" data-end=\"1042\"><span style=\"font-size: 20px; color: #000000;\">\ud83d\udd37 <strong data-start=\"1029\" data-end=\"1042\">Inclusion<\/strong><\/span><\/h3>\n<p style=\"text-align: justify;\" data-start=\"1043\" data-end=\"1250\"><span style=\"font-size: 20px; color: #000000;\">Nous accueillons et accompagnons tous les jeunes sans distinction, en mettant un accent particulier sur ceux qui sont souvent laiss\u00e9s-pour-compte : d\u00e9scolaris\u00e9s, non scolaris\u00e9s, ou en situation de pr\u00e9carit\u00e9.<\/span><\/p>\n<h3 style=\"text-align: justify;\" data-start=\"1252\" data-end=\"1287\"><span style=\"font-size: 20px; color: #000000;\">\ud83d\udd37 <strong data-start=\"1259\" data-end=\"1287\">Engagement communautaire<\/strong><\/span><\/h3>\n<p style=\"text-align: justify;\" data-start=\"1288\" data-end=\"1454\"><span style=\"font-size: 20px; color: #000000;\">Notre action s\u2019inscrit dans une dynamique de transformation sociale. Nous \u0153uvrons pour un d\u00e9veloppement local durable, en formant des jeunes utiles \u00e0 leur communaut\u00e9.<\/span><\/p>\n","protected":false},"excerpt":{"rendered":"<p>Au Centre de Formation Professionnelle et Technique Al Ilmoun Nouroun, nos actions et nos choix p\u00e9dagogiques sont guid\u00e9s par des valeurs fondamentales qui d\u00e9finissent notre&#8230;<\/p>\n","protected":false},"author":1,"featured_media":0,"parent":7,"menu_order":4,"comment_status":"closed","ping_status":"closed","template":"","meta":{"footnotes":""},"class_list":["post-9","page","type-page","status-publish","hentry"],"_links":{"self":[{"href":"https:\/\/cfptnour.com\/index.php\/wp-json\/wp\/v2\/pages\/9","targetHints":{"allow":["GET"]}}],"collection":[{"href":"https:\/\/cfptnour.com\/index.php\/wp-json\/wp\/v2\/pages"}],"about":[{"href":"https:\/\/cfptnour.com\/index.php\/wp-json\/wp\/v2\/types\/page"}],"author":[{"embeddable":true,"href":"https:\/\/cfptnour.com\/index.php\/wp-json\/wp\/v2\/users\/1"}],"replies":[{"embeddable":true,"href":"https:\/\/cfptnour.com\/index.php\/wp-json\/wp\/v2\/comments?post=9"}],"version-history":[{"count":4,"href":"https:\/\/cfptnour.com\/index.php\/wp-json\/wp\/v2\/pages\/9\/revisions"}],"predecessor-version":[{"id":148,"href":"https:\/\/cfptnour.com\/index.php\/wp-json\/wp\/v2\/pages\/9\/revisions\/148"}],"up":[{"embeddable":true,"href":"https:\/\/cfptnour.com\/index.php\/wp-json\/wp\/v2\/pages\/7"}],"wp:attachment":[{"href":"https:\/\/cfptnour.com\/index.php\/wp-json\/wp\/v2\/media?parent=9"}],"curies":[{"name":"wp","href":"https:\/\/api.w.org\/{rel}","templated":true}]}}